 -5820 (base 13) in base 3?
-121221220
What is 66873 (base 9) in base 4?
22312212
What is -200012200 (base 3) in base 15?
-3e00
Convert 10443 (base 5) to base 11.
620
What is -1601 (base 10) in base 2?
-11001000001
Convert 3ba (base 13) to base 2.
1010010100
What is 6a1 (base 13) in base 14?
5bb
Convert 3645 (base 9) to base 4.
222122
-100001000 (base 2) to base 9
-323
Convert 2053 (base 7) to base 9.
884
What is -31060 (base 8) in base 10?
-12848
What is -2713 (base 8) in base 13?
-8a1
-33895 (base 11) to base 8
-137534
Convert -101111101100101 (base 2) to base 9.
-36444
-313521 (base 7) to base 3
-2202020010
Convert -121265 (base 8) to base 12.
-20131
780 (base 12) to base 8
2120
-34a5 (base 11) to base 2
-1000111110000
-10784 (base 9) to base 10
-7204
Convert 2002020222 (base 3) to base 5.
2303022
Convert 1312121 (base 4) to base 10.
7577
What is 1011100011011000 (base 2) in base 15?
e04a
What is -36 (base 13) in base 12?
-39
-104a (base 16) to base 3
-12201110
What is 1490b (base 13) in base 5?
2221011
Convert -152555 (base 8) to base 9.
-82847
482 (base 11) to base 13
352
Convert -4b0 (base 12) to base 4.
-23010
Convert 663 (base 12) to base 3.
1021210
410132 (base 6) to base 2
111111011001000
What is -9c71 (base 13) in base 7?
-120554
Convert 3083 (base 11) to base 6.
30524
What is 56b (base 13) in base 7?
2503
What is -12011 (base 5) in base 9?
-1178
What is -30312103 (base 4) in base 3?
-2200012011
What is 793b (base 13) in base 16?
4236
Convert -3ac7 (base 16) to base 5.
-440142
57d (base 16) to base 14
725
c988 (base 15) to base 8
123235
Convert -2102 (base 7) to base 11.
-610
-10c (base 15) to base 6
-1033
-b4 (base 12) to base 10
-136
-843 (base 14) to base 10
-1627
Convert 105 (base 13) to base 10.
174
What is -441 (base 6) in base 4?
-2221
Convert 877 (base 11) to base 13.
62c
What is -100020231 (base 4) in base 11?
-45725
Convert 624 (base 13) to base 12.
730
Convert 8c0 (base 16) to base 6.
14212
Convert -7a96 (base 12) to base 14.
-4d90
Convert 211221 (base 3) to base 10.
619
-4805 (base 11) to base 8
-14231
Convert 110011 (base 3) to base 5.
2303
394e (base 16) to base 11
10027
1a57 (base 11) to base 12
160b
-17155 (base 12) to base 11
-22908
Convert -12010102 (base 3) to base 2.
-111010011001
Convert -7a (base 13) to base 7.
-203
What is 11011100 (base 2) in base 16?
dc
Convert -1424 (base 5) to base 3.
-22212
Convert -164 (base 10) to base 8.
-244
Convert -344024 (base 5) to base 13.
-5840
What is 152d0 (base 14) in base 6?
1044010
Convert -744 (base 10) to base 14.
-3b2
What is -5971 (base 14) in base 6?
-200051
-6cbc (base 13) to base 8
-36005
Convert -856 (base 9) to base 3.
-221220
17433 (base 11) to base 10
24478
What is ac2 (base 15) in base 13?
1151
What is -1002212 (base 4) in base 12?
-2572
444102 (base 6) to base 2
1001000101000110
Convert 11101101 (base 2) to base 3.
22210
Convert -328a (base 15) to base 2.
-10100111010001
Convert -735 (base 9) to base 10.
-599
What is -7281 (base 9) in base 7?
-21364
Convert be (base 15) to base 16.
b3
-52891 (base 10) to base 7
-310126
Convert -1100100 (base 3) to base 16.
-3d5
Convert -1222430 (base 5) to base 8.
-55702
Convert -1100011101 (base 2) to base 8.
-1435
4440 (base 5) to base 13
389
What is 14576 (base 16) in base 3?
11020021212
-306 (base 12) to base 3
-121020
What is -11 (base 9) in base 15?
-a
-1111100010 (base 2) to base 13
-5b6
2312 (base 7) to base 11
6a6
What is 2a5 (base 15) in base 10?
605
What is 200002110 (base 3) in base 7?
53310
435 (base 8) to base 5
2120
10610 (base 7) to base 9
3632
-100 (base 10) to base 16
-64
What is -1801a (base 11) in base 7?
-133535
Convert -9121 (base 13) to base 9.
-30347
Convert 125266 (base 7) to base 2.
101101110101110
-22103 (base 9) to base 2
-11100101001000
Convert -3221 (base 5) to base 3.
-121011
169 (base 13) to base 4
10000
Convert -21624 (base 10) to base 2.
-101010001111000
Convert 2304321 (base 5) to base 3.
2002112100
-33465 (base 7) to base 10
-8475
Convert -4d11 (base 14) to base 7.
-54321
9d38 (base 16) to base 4
21310320
466 (base 10) to base 4
13102
What is -20140 (base 5) in base 10?
-1295
Convert 201211002 (base 3) to base 16.
386f
-1750 (base 8) to base 9
-1331
Convert -12110 (base 5) to base 14.
-489
What is -3412221 (base 5) in base 2?
-1110101110010111
-46 (base 14) to base 8
-76
61504 (base 7) to base 9
22514
Convert 2022012110 (base 3) to base 4.
23010201
Convert -6079 (base 12) to base 8.
-24335
What is 7a22 (base 12) in base 5?
413222
Convert 14303 (base 6) to base 5.
33041
-3054 (base 9) to base 16
-8bc
Convert 23100 (base 5) to base 14.
85c
-41332 (base 7) to base 6
-114501
What is -222201 (base 4) in base 12?
-16a9
-24436 (base 10) to base 12
-12184
What is 102 (base 16) in base 15?
123
-314 (base 7) to base 15
-a8
1320331 (base 5) to base 16
66e5
What is -32001 (base 7) in base 10?
-7890
Convert 1042 (base 5) to base 16.
93
What is -610 (base 15) in base 10?
-1365
Convert 12664 (base 8) to base 5.
134211
-12002121 (base 3) to base 6
-25111
What is -1155 (base 6) in base 7?
-560
What is -45455 (base 6) in base 2?
-1100100101011
-10111020 (base 3) to base 2
-100111110000
10100010001001 (base 2) to base 12
6009
Convert 1001001 (base 2) to base 4.
1021
40303 (base 6) to base 7
21303
Convert -22530 (base 10) to base 15.
-6a20
-213113 (base 4) to base 10
-2519
3241111 (base 5) to base 3
2211111222
-13091 (base 12) to base 16
-65ad
-d3 (base 16) to base 3
-21211
Convert -1001001110100100 (base 2) to base 15.
-b2eb
-18a (base 12) to base 16
-fa
Convert -1000111110000 (base 2) to base 5.
-121332
-9a (base 12) to base 2
-1110110
1333032 (base 4) to base 15
262c
-860 (base 15) to base 3
-2121000
What is 2503 (base 6) in base 15?
2b0
Convert 7b39 (base 15) to base 12.
13176
What is 94 (base 11) in base 7?
205
What is 10022111 (base 3) in base 7?
10021
-5c7 (base 13) to base 9
-1340
What is -27b7 (base 15) in base 6?
-103201
Convert -41120 (base 5) to base 11.
-1aa9
What is -1013 (base 12) in base 8?
-3317
What is -4aa3 (base 11) in base 6?
-50435
Convert -7bbb (base 14) to base 3.
-1002112101
What is 506 (base 11) in base 14?
319
231b (base 12) to base 13
1a1b
What is -76c (base 15) in base 5?
-23202
What is -2304 (base 10) in base 9?
-3140
334505 (base 7) to base 4
32131232
68c (base 16) to base 8
3214
-13e (base 15) to base 7
-554
What is 148 (base 15) in base 11?
247
Convert -1a85 (base 13) to base 6.
-30300
Convert -3636 (base 7) to base 6.
-10130
What is -10000 (base 5) in base 6?
-2521
Convert -1010111 (base 2) to base 11.
-7a
Convert -222425 (base 7) to base 15.
-b9b2
Convert -ef7 (base 16) to base 8.
-7367
Convert 100002 (base 3) to base 15.
115
8519 (base 14) to base 9
34435
What is -15a (base 11) in base 10?
-186
Convert -52 (base 10) to base 3.
-1221
Convert -1b1 (base 12) to base 7.
-544
4116 (base 13) to base 11
6820
-247 (base 11) to base 15
-148
Convert -101011000110 (base 2) to base 9.
-3704
Convert -686 (base 10) to base 6.
-3102
Convert -2721 (base 9) to base 5.
-31134
What is 379 (base 11) in base 8?
701
Convert 304022 (base 5) to base 13.
4667
What is -1432 (base 10) in base 3?
-1222001
What is -e3 (base 16) in base 5?
-1402
What is -498 (base 16) in base 11?
-97a
What is 1020 (base 4) in base 16?
48
What is 2021101001 (base 3) in base 5?
2412430
Convert 1170 (base 8) to base 15.
2c2
Convert 730 (base 14) to base 3.
1221101
What is 14664 (base 9) in base 10?
10021
6316 (base 7) to base 3
10001011
What is -81a (base 12) in base 5?
-14144
What is -3243 (base 6) in base 8?
-1353
What is 2036 (base 10) in base 9?
2712
What is -403a7 (base 11) in base 7?
-334066
-230 (base 12) to base 15
-169
What is -5352 (base 7) in base 5?
-30044
What is -1926 (base 16) in base 8?
-14446
What is -525 (base 6) in base 3?
-21022
What is 13775 (base 8) in base 3?
22102110
What is 28a (base 16) in base 15?
2d5
Convert -1010010011000 (base 2) to base 6.
-40224
What is -41041 (base 5) in base 2?
-101001010110
-802 (base 12) to base 15
-51e
Convert 100011011100 (base 2) to base 10.
2268
Convert 313222 (base 4) to base 10.
3562
What is 3321312 (base 4) in base 14?
5b82
What is -5820 (base 10) in base 6?
-42540
-4342 (base 5) to base 8
-1125
Convert -636 (base 7) to base 2.
-101000001
Convert -13213 (base 4)